{"id":338,"date":"2019-09-17T22:40:34","date_gmt":"2019-09-17T20:40:34","guid":{"rendered":"https:\/\/www.satzwerkstatt-walter.de\/?page_id=338"},"modified":"2019-09-17T22:54:17","modified_gmt":"2019-09-17T20:54:17","slug":"lieferzeiten","status":"publish","type":"page","link":"https:\/\/www.satzwerkstatt-walter.de\/?page_id=338","title":{"rendered":"Materialien"},"content":{"rendered":"\n<h3>Lieferung bereits am n\u00e4chsten Tag m\u00f6glich f\u00fcr Materialien in verschiedenen Grammaturen, die auf Lager sind:<\/h3>\n\n\n\n<ul><li>Fotopapier seidenmatt oder gl\u00e4nzend<\/li><li>Bilderdruckpapier matt oder gl\u00e4nzend<\/li><li>CAD Plotpapier<\/li><\/ul>\n\n\n\n<h3>Gro\u00dfe Auswahl weiterer Materialien verf\u00fcgbar!<\/h3>\n","protected":false},"excerpt":{"rendered":"<p>Lieferung bereits am n\u00e4chsten Tag m\u00f6glich f\u00fcr Materialien in verschiedenen Grammaturen, die auf Lager sind: Fotopapier seidenmatt oder gl\u00e4nzend Bilderdruckpapier matt oder gl\u00e4nzend CAD Plotpapier Gro\u00dfe Auswahl weiterer Materialien verf\u00fcgbar!<\/p>\n","protected":false},"author":1,"featured_media":364,"parent":0,"menu_order":0,"comment_status":"closed","ping_status":"closed","template":"","meta":[],"_links":{"self":[{"href":"https:\/\/www.satzwerkstatt-walter.de\/index.php?rest_route=\/wp\/v2\/pages\/338"}],"collection":[{"href":"https:\/\/www.satzwerkstatt-walter.de\/index.php?rest_route=\/wp\/v2\/pages"}],"about":[{"href":"https:\/\/www.satzwerkstatt-walter.de\/index.php?rest_route=\/wp\/v2\/types\/page"}],"author":[{"embeddable":true,"href":"https:\/\/www.satzwerkstatt-walter.de\/index.php?rest_route=\/wp\/v2\/users\/1"}],"replies":[{"embeddable":true,"href":"https:\/\/www.satzwerkstatt-walter.de\/index.php?rest_route=%2Fwp%2Fv2%2Fcomments&post=338"}],"version-history":[{"count":21,"href":"https:\/\/www.satzwerkstatt-walter.de\/index.php?rest_route=\/wp\/v2\/pages\/338\/revisions"}],"predecessor-version":[{"id":359,"href":"https:\/\/www.satzwerkstatt-walter.de\/index.php?rest_route=\/wp\/v2\/pages\/338\/revisions\/359"}],"wp:featuredmedia":[{"embeddable":true,"href":"https:\/\/www.satzwerkstatt-walter.de\/index.php?rest_route=\/wp\/v2\/media\/364"}],"wp:attachment":[{"href":"https:\/\/www.satzwerkstatt-walter.de\/index.php?rest_route=%2Fwp%2Fv2%2Fmedia&parent=338"}],"curies":[{"name":"wp","href":"https:\/\/api.w.org\/{rel}","templated":true}]}}