{"id":39,"date":"2016-03-25T20:01:25","date_gmt":"2016-03-25T20:01:25","guid":{"rendered":"http:\/\/satzwerkstatt-walter.de\/?page_id=39"},"modified":"2019-10-06T21:06:49","modified_gmt":"2019-10-06T19:06:49","slug":"ueber-uns","status":"publish","type":"page","link":"https:\/\/www.satzwerkstatt-walter.de\/?page_id=39","title":{"rendered":"\u00dcber uns"},"content":{"rendered":"<p style=\"text-align: justify;\">Wir sind ein kreatives Team und haben uns auf die Produktion von Plakaten, Postern, Plots, Fotos uvm. im Gro\u00dfformat spezialisiert.<\/p>\n<p>Zus\u00e4tzlich gestalten und erstellen wir Printmedien und Websites.<\/p>\n<p style=\"text-align: justify;\">Durch unser vielf\u00e4ltiges Angebot erarbeiten wir individuelle und optimale L\u00f6sungen. Dabei orientieren wir uns stets an h\u00f6chsten Qualit\u00e4tsanspr\u00fcchen an uns und unsere Partner. Unsere Prozesse sind konsequent, kundenorientiert und in der Lage, Anforderungen flexibel und kreativ zu verarbeiten.<\/p>\n<p style=\"text-align: justify;\">Unsere Kunden profitieren von unserer jahrelangen Erfahrung und unseren Kompetenzen. Eine nachhaltige Zusammenarbeit ist unser Bestreben. Dabei gehen wir gerne gemeinsam neue Wege.<\/p>\n<p>Wir freuen uns, Sie kennenzulernen.<\/p>\n<p>Herzliche Gr\u00fc\u00dfe,<br \/>\nClaudius Walter<\/p>\n","protected":false},"excerpt":{"rendered":"<p>Wir sind ein kreatives Team und haben uns auf die Produktion von Plakaten, Postern, Plots, Fotos uvm. im Gro\u00dfformat spezialisiert. Zus\u00e4tzlich gestalten und erstellen wir Printmedien und Websites. Durch unser vielf\u00e4ltiges Angebot erarbeiten wir individuelle und optimale L\u00f6sungen. Dabei orientieren wir uns stets an h\u00f6chsten Qualit\u00e4tsanspr\u00fcchen an uns und unsere Partner. Unsere Prozesse sind konsequent, &hellip; <\/p>\n<p class=\"link-more\"><a href=\"https:\/\/www.satzwerkstatt-walter.de\/?page_id=39\" class=\"more-link\"><span class=\"screen-reader-text\">\u201e\u00dcber uns\u201c<\/span> weiterlesen<\/a><\/p>\n","protected":false},"author":1,"featured_media":262,"parent":0,"menu_order":0,"comment_status":"closed","ping_status":"closed","template":"","meta":[],"_links":{"self":[{"href":"https:\/\/www.satzwerkstatt-walter.de\/index.php?rest_route=\/wp\/v2\/pages\/39"}],"collection":[{"href":"https:\/\/www.satzwerkstatt-walter.de\/index.php?rest_route=\/wp\/v2\/pages"}],"about":[{"href":"https:\/\/www.satzwerkstatt-walter.de\/index.php?rest_route=\/wp\/v2\/types\/page"}],"author":[{"embeddable":true,"href":"https:\/\/www.satzwerkstatt-walter.de\/index.php?rest_route=\/wp\/v2\/users\/1"}],"replies":[{"embeddable":true,"href":"https:\/\/www.satzwerkstatt-walter.de\/index.php?rest_route=%2Fwp%2Fv2%2Fcomments&post=39"}],"version-history":[{"count":8,"href":"https:\/\/www.satzwerkstatt-walter.de\/index.php?rest_route=\/wp\/v2\/pages\/39\/revisions"}],"predecessor-version":[{"id":404,"href":"https:\/\/www.satzwerkstatt-walter.de\/index.php?rest_route=\/wp\/v2\/pages\/39\/revisions\/404"}],"wp:featuredmedia":[{"embeddable":true,"href":"https:\/\/www.satzwerkstatt-walter.de\/index.php?rest_route=\/wp\/v2\/media\/262"}],"wp:attachment":[{"href":"https:\/\/www.satzwerkstatt-walter.de\/index.php?rest_route=%2Fwp%2Fv2%2Fmedia&parent=39"}],"curies":[{"name":"wp","href":"https:\/\/api.w.org\/{rel}","templated":true}]}}